
Let p(f) = 23*f + 487. Let c be p(-23). Let l(j) = -2*j**2 - 86*j - 82. What is l(c)?
2
Suppose -40*d = 3*o - 38*d + 25, 2*o = 3*d - 8. Let z(c) = 4*c + 29. Determine z(o).
1
Suppose -5*t - c = -15, 0 = -5*t + t - 5*c + 12. Let r(o) = 52*o - 155. Give r(t).
1
Let u(c) be the second derivative of c**4/12 - 5*c**3/3 + 15*c**2/2 + 2066*c. Determine u(7).
-6
Let t(d) = 5145*d**3 + 4*d - 7*d**2 + 5177*d**3 + 12 - 10321*d**3. What is t(7)?
40
Let h(c) = c - 5. Suppose z = -3*b + 3, -4*b = -2*b + 4*z - 12. Let t = b + 4. Suppose t = -3*y + 4*f, -2*y - f + 0*f = 10. Determine h(y).
-9
Let z = 24 + -24. Suppose z = -v - 4*o + 25, -2*o - 60 = -3*v + o. Suppose 0 = -0*u - 7*u + v. Let s(f) = f**3 - 2*f**2 - 4*f + 1. Determine s(u).
-2
Let r(t) = 7*t - 75. Let q be r(11). Suppose -h - 3*w = q, -2*h + 2*w + 4 = -0*w. Let o(z) = 2*z**3 + z. Calculate o(h).
3
Let i(v) = -v**3 - 7*v**2 - 12*v - 37. Let f be i(-7). Let c = f + -57. Let s(b) = -b**2 - 11*b - 10. Give s(c).
0
Suppose -14*r - 261 = -r + 16*r. Let a(h) be the third derivative of h**6/120 + 3*h**5/20 + h**4/12 + 2*h**3 - 5*h**2. What is a(r)?
-6
Let s be (-11)/(5/5) - ((-8)/(-2) - 4). Let p(g) = 2*g - 8. Determine p(s).
-30
Let r(x) = -1. Let d = -21 - -22. Let l(v) = -v - 3. Let y(g) = d*r(g) - l(g). Let m(n) = n + 12. Let c be m(-12). What is y(c)?
2
Let x(u) = -9*u. Suppose 31*d + 192 = -118. Let o be 15/d - (-1)/2. Determine x(o).
9
Let g(k) = k**2 + 8*k + 8. Let o = 2864 + -2873. Determine g(o).
17
Let y(q) = q**3 - q - 4. Let n(h) = 0*h**3 - 3*h**3 + 6*h - 2 + 10*h**2 + 1 + 9 - 8*h**2. Let v(f) = -n(f) - 2*y(f). Determine v(4).
16
Let j(s) be the first derivative of s**4/4 + 37*s**3/3 - 19*s**2 + 7*s + 159. Let c be j(-38). Let t(n) = n**2 - 7*n - 3. What is t(c)?
-3
Let b(q) = q - 1. Let t(c) = c**2 + 4. Let v(p) = 6*b(p) + 2*t(p). Let o(x) = -2*x**2 - 18*x - 95. Let l be o(-9). Let g = -99 - l. Determine v(g).
10
Let j be (24/(-9))/(-8)*57/(-19). Let c(y) = 39*y + 46. Determine c(j).
7
Let o(a) = 5*a**2 + 51*a - 8. Let z(d) = -6*d**2 - 63*d + 6. Let u(t) = -5*o(t) - 4*z(t). Calculate u(4).
-12
Let c(x) = x**2 - 7*x. Let j be 1*(2 - (1 + -34)). Suppose -5*r + 5*m + 45 = 0, -5*m - j = r - 4*r. Suppose r*n + 159 = 189. Determine c(n).
-6
Suppose -10 = -2*m - 0*m. Suppose 0 = -3*c - 0*c - 3, 2*d + 3*c = 17. Suppose d = -m*z + 15. Let h(v) = 19*v + 1. Give h(z).
20
Let l be (-2 - 12/(-9))*(8349/22)/(-23). Let y(m) = -m**2 + 16*m - 1. Determine y(l).
54
Let l(t) = -t**2 + 50*t + 998. Let j be l(65). Let h(r) = -r**2 + 24*r - 20. Give h(j).
3
Suppose 33*l - 64 - 35 = 0. Let q(w) = -298*w + 2*w**3 - 4*w**l + 4*w**2 - 2*w**2 + 4 + 295*w. Give q(2).
-10
Suppose 8 = -2*s, y - 16*s = -21*s - 41. Let g(i) = 9*i + 180. Let h be g(y). Let j(b) = -b - 2. Determine j(h).
7
Let s(q) = -4*q**2 - 47*q - 16. Let r be s(-11). Let j(h) = 6 - r + 10 - 2*h + 7 - 2. Give j(2).
0
Let t = -18506 - -18506. Let x(f) be the third derivative of -29*f**2 - 1/3*f**3 - 5/24*f**4 + t + 0*f. What is x(2)?
-12
Let q be 16/(-1) + ((-16)/4 - -4). Let n(s) = -s**2 - 21*s - 30. Let a be n(q). Let b = -51 + a. Let k(i) = -8*i**3 - i**2 - 2*i - 1. Give k(b).
8
Let x = -7 + -5. Let s be 1 + -1 - (x - -12). Suppose 0 = 5*j - s*j + 30. Let m(h) = -h**2 - 5*h + 4. Calculate m(j).
-2
Suppose 3*m - 18 = -2*d, 2*d + 2*m - 23 = -5. Let c = 11 - d. Let x(o) = 32 - 31 + 3*o - c*o. Determine x(-1).
0
Let z(i) be the first derivative of 12 - 1/8*i**4 - 11*i**2 + 1/3*i**3 + 0*i. Let m(a) be the second derivative of z(a). Calculate m(2).
-4
Let h(b) be the third derivative of 17*b**5/60 + 5*b**4/24 + 2*b**3/3 - 3*b**2 + 85. Give h(-1).
16
Let u(z) be the third derivative of -z**5/60 - 13*z**4/24 + 8*z**3/3 + 2*z**2 - 763*z. What is u(-14)?
2
Suppose -5*a - f - 19 = 240, -a - 48 = 4*f. Let i = a - -53. Let p(u) = 6*u**3 - u**2 + 2*u - 1. Give p(i).
6
Let l(f) be the first derivative of -f**5/10 - f**4/24 + 47*f**3/3 + 61. Let h(m) be the third derivative of l(m). What is h(-2)?
23
Let d(x) = 11*x**2 - 50*x + 77. Let m(n) = -7*n**2 + 33*n - 51. Let l(f) = 5*d(f) + 8*m(f). Suppose 0 = 25*p + 10 - 310. What is l(p)?
1
Let s(t) be the first derivative of -t**5/60 + 11*t**3/3 - t**2 + 27*t - 2. Let h(a) be the second derivative of s(a). What is h(0)?
22
Let i(m) be the third derivative of 0*m + 0 + 1/120*m**5 + 4/3*m**3 + 1/3*m**4 + 5*m**2. Let q(f) be the first derivative of i(f). Calculate q(0).
8
Suppose 78*m = 15*m + 63. Let x = 9 + -6. Let r(d) = -2*d**3 + 5*d**3 + 3*d**2 + 2*d**2 - x*d**2 - 1. What is r(m)?
4
Let i(u) = 4*u - 51. Suppose 0 = 29*h - 142*h + 1695. Determine i(h).
9
Let i(h) = h**2 + 2*h + h**3 - 8*h**2 + 2 + 3 - 7*h. Let f(y) = -y**2 + 316*y - 10073. Let d be f(36). What is i(d)?
-30
Suppose 4*v = -51 + 23. Let p(x) = x - 2. Let z(j) = -4*j - 1. Let c(o) = -3*p(o) - z(o). Determine c(v).
0
Let l(d) = -d**3 - 5*d**2 + 9*d + 4. Let f(b) = -b - 11. Let t = -54 - -45. Let x(u) = u**3 + 9*u**2 - 5. Let q be x(t). Let o be f(q). Calculate l(o).
-14
Let v(h) be the third derivative of h**4/6 - 37*h**3/3 - 3*h**2 + 73. What is v(15)?
-14
Let z(p) = 12*p**2 + 9*p + 79. Let c be z(-5). Let q(k) = 17*k**3 + 163*k - c*k + 171*k. What is q(1)?
17
Suppose 2*x = -y - 16, 3*y + 0*x - 3*x = -12. Let r(o) = o - 11. What is r(y)?
-19
Let p(d) = d**3 + 4*d**2 - 2*d - 3. Let j(o) = -3*o**3 - 17*o**2 - 2*o - 8. Let g be j(-6). Suppose -54 = 7*s - g. Calculate p(s).
9
Let l(d) = d**3 - 8142 + 2*d**2 - 6*d**2 + 3*d + 8141. Give l(5).
39
Let c(n) = -283*n - 321*n - n**3 + 15 + 620*n. Calculate c(-3).
-6
Let r(f) = -2 + 28*f**3 + 10*f - 3708*f**2 - 11*f + 3712*f**2. Determine r(1).
29
Let u(b) = -183*b - 43. Let o(p) = 116*p + 29. Let s(z) = 8*o(z) + 5*u(z). Calculate s(-5).
-48
Suppose 2*z - 3*z - 3*h = -37, 5 = 5*h. Suppose -z = -9*c - 7. Suppose -35 = c*p + 4*p. Let u(v) = -v**3 - 4*v**2 + 5*v + 1. Give u(p).
1
Suppose 140 = 2*g - 7*g - 5*i, g + 32 = -2*i. Let o be 1540/(-528) - (-2)/g. Let k(q) = q**3 + 5*q**2 + 2*q + 2. Determine k(o).
14
Let z(d) = -d**3 + 11*d**2 - 21*d + 32. Let y = -3829 + 3838. Determine z(y).
5
Suppose -3*s + 4*n = 16, s + 4*n = -4667 + 4699. Let g(i) = -11*i**2 + 3*i + 10. Determine g(s).
-154
Let i(p) = -5*p**3 + 59*p**2 + 9*p + 19. Let u be i(12). Let k(r) = -2*r - 2. What is k(u)?
32
Let u = 4307 + -4312. Let z(m) be the second derivative of 1/6*m**3 + 6*m**2 - 2*m + 0. Give z(u).
7
Suppose -13 = 3*y - 10*x + 15*x, 4*y + 4*x + 12 = 0. Let d(c) = -c**2 + 3*c - 2. Let t be d(2). Let n(b) = 0*b + b + 2*b**2 - b**2 + t*b. Determine n(y).
0
Let q(l) be the third derivative of -1/120*l**6 - 1/12*l**5 - 2*l**2 + 5*l - 2/3*l**3 + 0 + 7/24*l**4. Determine q(-6).
-10
Let n(a) = -a**2 - 7*a + 11. Let i = -31 + 21. Let f be (-2 - -3)*-14 + i/(-2). What is n(f)?
-7
Let s(k) = -15*k - 117. Suppose 12*f = 11*f - 4*o - 32, 36 = -3*f - 2*o. Calculate s(f).
3
Let y = 876 + -868. Let d(b) = -2*b**2 - 7*b + 7. Let i(w) = 5*w**2 + 22*w - 22. Suppose 15 = 5*k - 0. Let x(q) = k*i(q) + 8*d(q). Determine x(y).
6
Let r(c) = -c**2 + 15. Let g(l) = -l**2 + l + 16. Let a = 761 + -765. Let t(p) = a*r(p) + 3*g(p). What is t(-6)?
6
Let f(c) = -158*c + 471. Let s be f(3). Let r(l) = -2*l**3 + l**2 + 4*l + 3. Give r(s).
54
Suppose 0 = -2*s + 4*s, -5*s + 16 = 2*a. Let q(u) = -a*u**2 + u**3 - u + 5 + 17*u**2 - 9*u**2. Suppose 14*w + 24*w = -6*w. Give q(w).
5
Let w(g) = 10*g**2 + 13*g - 15. Let a(p) = 29*p - 5 - 2 - 49*p + 26*p + 5*p**2. Let n(x) = -13*a(x) + 6*w(x). What is n(2)?
-19
Let o(h) be the third derivative of h**6/120 + 7*h**5/60 + h**4/4 - 5*h**3/6 - 2*h**2 - 15*h + 31. Let j(i) = 0*i - i + 5*i + 2. Let r be j(-2). Determine o(r).
-5
Suppose 217 = 5*z - 2*y, 4*y - 3295 + 3414 = 3*z. Let m(d) = d**3 - 46*d**2 + 44*d + 42. Determine m(z).
-3
Let o be 3/(9/411) - (4 + -7). Let f be o/8 + (-6)/4. Let j = 23 - f. Let v(r) = -r**2 + 6*r + 7. What is v(j)?
0
Let b(f) be the second derivative of -f**5/20 - 13*f**4/12 - 5*f**3/6 - 11*f**2/2 - 523*f. Calculate b(-13).
54
Suppose -99 = -7*j + 16*j. Let n(y) = 6*y + 69. Give n(j).
3
Let f(g) be the second derivative of -g**6/240 - 7*g**5/60 + g**4/3 + g**3/6 - 123*g. Let b(s) be the third derivative of f(s). What is b(-8)?
10
Let l(g) = -g - 14. Suppose c - 5 = -4*k, c + 8*k = 3*k + 7. Let s be (25/c + 5)*3